posite number?
False
Is (-64)/16 + (-5)/(5/(-2499)) composite?
True
Suppose -216*t + 4907 = -209*t. Is t composite?
False
Let b(y) = -4*y - 6. Let d be b(-4). Let t = 6 - d. Let l(w) = -3*w**3 - 5*w**2 + 3. Is l(t) prime?
False
Suppose 0 = -5*o + 3*o + 1004. Let m(t) = -t - 32. Let z be m(-34). Suppose 0*b = -z*b + o. Is b a prime number?
True
Let r = -39 + 43. Suppose -4*z - z + n = -1253, z - r*n = 243. Is z prime?
True
Let g(r) = -2*r**2 - 12*r - 4. Let n be g(-5). Suppose -18 = -0*p - n*p. Suppose 3*u - 3*s = 231, p*u + s = -3*s + 231. Is u a prime number?
False
Let n(h) = -25*h**2 + 19*h - 2. Let d(l) = -17*l**2 + 13*l - 1. Let z(i) = -7*d(i) + 5*n(i). Let r be z(6). Is (-9195)/r - (-2)/(-13) composite?
False
Let n be (3 - 4 - 2) + (22 - -4). Let i = 2 - 2. Suppose -z + 19 = -k, i*k + k - n = -z. Is z a composite number?
True
Suppose -5*g = 4*w - 5*w - 6669, -3*g = -5*w - 4019. Is g prime?
False
Suppose -9*f + 330 = -4*f. Suppose -f = -2*k - 0*k. Is k composite?
True
Let d(k) = -k + 66. Let g be d(0). Suppose 2*v = v + g. Let t = -17 + v. Is t composite?
True
Let l = 199 - 104. Suppose -4*k + 341 = -l. Is k composite?
False
Suppose 4*f = -t + 5686, -f + 4*f = -2*t + 11387. Suppose -3*i + 5351 = -p, -2*i + 4*p = -t + 2124. Is i a composite number?
False
Let c(o) = 88*o**2 - 17*o - 46. Is c(-3) a composite number?
False
Suppose 10 = 2*y - 2*o, -y - 3*o - 13 = -6. Suppose c = -4*a - 573 + 3727, 1576 = y*a + c. Is a prime?
False
Suppose 17*i - 18*i = h - 2357, 3*i + 7101 = 3*h. Is h prime?
False
Suppose 4*n = y + 38024, 2*y + 2*y = 4*n - 38036. Is n composite?
True
Let t(w) be the second derivative of -w**5/20 + w**4/12 + 11*w**3/6 + w**2/2 + 37*w. Is t(-10) prime?
True
Suppose 0 = 26*i + 8*i - 891718. Is i composite?
False
Let o(z) = -4*z**3 - 22*z**2 + 42*z - 17. Is o(-18) composite?
False
Suppose 5*y + 57 = -18. Is (12/8)/(y/(-1060)) a composite number?
True
Let n be (-9)/(-5) + 4/20. Suppose -4*a + 2173 = 3*v, n*a = -2*v + 3*v - 741. Is v composite?
True
Let s(m) = -m**3 + 35*m**2 - 6*m - 113. Is s(27) a prime number?
True
Suppose 143 = 2*l - 23. Is l prime?
True
Suppose 3*p - 8*p + 61352 = 4*u, 4*u = -p + 61368. Suppose -5*r = -5212 - u. Is r prime?
True
Let x = -1448 + 3011. Is x prime?
False
Suppose 3*a + 3297 = 4*l - 2*a, -5 = a. Is l a composite number?
True
Let w = 2024 - 1377. Is w a composite number?
False
Let w be 50/4 - 1/(-2). Let z(b) be the second derivative of b**3 - b**2/2 + 2*b - 7. Is z(w) prime?
False
Suppose 10*d + 99292 - 285662 = 0. Is d prime?
True
Let k(f) = f**3 - 15*f**2 + f - 13. Let x be k(15). Suppose 0*o + x = -2*o. Is ((o - -2) + -2)*-211 a prime number?
True
Suppose 3*q - 7*q + 3*g - 2 = 0, 5*g = 5*q + 5. Let l be (q + -2)*235/(-1). Let m = -104 + l. Is m prime?
True
Is 5932/18*(15 - 6) a composite number?
True
Is -2*2/32 + (-8185999)/(-184) composite?
True
Let z be 15*3 - (-42)/(-14). Let t = z - 31. Suppose -t*g + 789 = -8*g. Is g a prime number?
True
Suppose 7*g + 2*n = 3*g + 14, 2*g = -3*n + 9. Suppose c - 521 = 2*q + 154, g*c = q + 2045. Is c a prime number?
True
Let j be (-321)/(1 + 15/(-6)). Suppose 2*y - 5*l - 260 = -3*y, -4*y = 2*l - j. Is y composite?
False
Let w be (26/(-39))/((-2)/12). Suppose -320 = -2*q - k - 4*k, w*k = -16. Suppose q = -i + 589. Is i prime?
True
Let w(n) = 68*n**3 - n. Suppose 8*o = 6*o + 4. Let t be 1*-1*o/(-2). Is w(t) prime?
True
Let g be 4/(-66)*3 + 16680/22. Suppose 5*l - g = 6627. Is l a prime number?
False
Let w(d) = -3*d**3 + 13*d**2 - 37*d + 1. Is w(-12) a prime number?
False
Suppose 3*d - 17 = 2*i, 2*d - d + 2*i = 3. Suppose -5*s - d*r = -3895, -1561 = -0*s - 2*s - r. Let y = -199 + s. Is y a prime number?
False
Let m = 15 - -24. Suppose 3*y = 4*k + 33, 0*y + 2*k = 3*y - m. Is y composite?
True
Let n(d) = -1693*d - 38. Is n(-1) a composite number?
True
Let t = -38 - -73. Suppose 4*v - 5*x = -192, -v + x - 3*x = t. Let n = 100 - v. Is n prime?
False
Let f(a) = -2*a + 1. Let q be f(-4). Let i(d) = 3*d**2 + 8. Is i(q) a prime number?
True
Suppose 2*y = y. Suppose -2*x + 5*i - 30 = y, 0*x = x - 4*i + 18. Let o(g) = g**2 + 5*g - 4. Is o(x) prime?
False
Suppose -18 = 5*z - 8*z. Suppose -z*a - 55 = -241. Is a a composite number?
False
Suppose 54890 = -1704*u + 1714*u. Is u prime?
False
Let o(r) = 4968*r**3 - r**2 + 36*r - 34. Is o(1) prime?
True
Is (-297330)/(-153) + (4/(-3) - -1) prime?
False
Let f = -3526 + 6437. Is f prime?
False
Let j(o) = -5*o**3 + 6*o**2 - 4*o. Let g(b) = -b**3 + b**2 - b - 1. Let t(u) = -4*g(u) + j(u). Suppose -5 = l - 0*l. Is t(l) prime?
True
Let x(o) = o**2 - 16*o - 1. Let v be x(17). Suppose -49 = v*j - 17*j. Is j prime?
False
Let l(p) = -6*p - 4*p - 5 + p**2 - 5 + 12*p. Is l(9) a prime number?
True
Is 14029/9 - 70/(-315) a composite number?
False
Let b = 18 - 16. Suppose -344 + 100 = -5*i - l, b*i - 97 = -l. Is i composite?
True
Is (-2153601)/(-90) - (-1)/10 prime?
True
Let d = 5143 - 3386. Suppose -d = a - 8*a. Is a composite?
False
Let j(p) = 1080*p + 397. Is j(4) composite?
True
Suppose 2*k + 3*m = -k + 55995, -2*m + 93313 = 5*k. Is k a composite number?
False
Let j = 23830 + -13029. Is j a prime number?
False
Let o = -927 + 1581. Suppose 0 = -3*k - 494 + 1874. Suppose o + k = 2*x. Is x prime?
True
Suppose -3*c - a + 4088 + 14601 = 0, 0 = 3*c - a - 18685. Is c composite?
False
Suppose -5*t - 1 = -2*s, 4*t = -5*s + t + 18. Let q(d) = 10*d**2 + 1. Is q(s) a composite number?
True
Let v(d) = 3*d + 10. Let c be v(0). Suppose -x = -5*q + 11, -4*x + 6*x = 5*q - 12. Suppose -q*i - 1880 = -c*i. Is i prime?
False
Let b(t) = 7 + 4 + 492*t - 12 + 0. Let z be b(2). Suppose 0 = a - 2*a + z. Is a a prime number?
True
Let d(h) be the first derivative of -19*h**2 - h - 19. Is d(-1) a prime number?
True
Let i(s) = -3*s + 3. Let d be i(3). Let g(t) = 15*t**2 + 8*t + 1. Is g(d) prime?
False
Let z(l) = l + 8. Let n be z(3). Let r(u) = 4*u**2 + u + 4. Is r(n) a prime number?
True
Let o(x) = x - 2. Let v be o(4). Let s(l) = -3*l**2 + 55*l + 41. Let t be s(19). Is v/t - 710/(-6) composite?
True
Suppose 9*z - 3*z = 12. Suppose 4470 + 3256 = z*m. Is m a composite number?
False
Let c(j) = -j**2 - 6*j - 3. Let w be c(-4). Suppose -2*d - w*f = -1307, 3*d - 7*d - f = -2569. Is d prime?
True
Suppose 47 = -4*q + 3*t - 11, -4*q - 4*t = 72. Is ((-632)/q)/(1/2) a prime number?
True
Suppose 0 = -77*d + 55*d + 722590. Is d a composite number?
True
Is -1*((-31887 - -8) + 6) a composite number?
False
Suppose 1302 = 2*w - 2*k, -2*w = -3*k - 0*k - 1298. Let y = w - 392. Is y a composite number?
False
Let b = 2094 + 239. Is b prime?
True
Let a be (-3)/(-6)*(1464 + 2)*1. Suppose 5 = 5*k, -2*y - k = -310 - a. Is y a prime number?
True
Let g = 19203 - 12026. Is g prime?
True
Let x = -33 - -31. Is (-796)/(-4)*(-1 - x) prime?
True
Suppose 4*t + 5 = 13. Suppose t*q + 0*q = -4*y + 654, 0 = -y + 1. Is q - -2 - (1 + -5) a prime number?
True
Let y(u) be the third derivative of 43*u**4/24 - 2*u**3/3 - 21*u**2. Suppose 4*d = 22 - 2. Is y(d) composite?
False
Suppose -5 + 8 = l. Suppose l*s = 4*s + 4. Is -1*(3 + s*14) a prime number?
True
Let i be ((-60)/(-16))/(6/32). Let j be i*(15/(-20) + 3). Suppose 5*t = b + 246, 2*t = 3*t + 4*b - j. Is t a composite number?
True
Is -2 + (-49)/(-7) + 10418 a composite number?
True
Suppose 5*a = -18 + 3. Let y = 18 + a. Is y prime?
False
Let c(b) = 11157*b + 2. Is c(1) a composite number?
False
Suppose -5*d - 5059 = -2*j, -4*j + 15362 = -3*d + 5223. Is j a prime number?
False
Suppose -o + 21 = o + 5*c, -4*c + 27 = 5*o. Let b(p) = -106*p**3 - 140*p**3 - 51*p**3 + 40*p**o. Is b(-1) prime?
True
Suppose 4*p - u = 211651, 101339 = 5*p + 2*u - 163228. Is p composite?
True
Suppose -15*l + 54 = -9*l. Suppose -2*s = 5*u - 1105, l*s = 4*s + 3*u + 2716. Is s composite?
True
Let i be ((-28)/2)/(456/(-78) - -6). Is 8886/14 + (-26)/i composite?
True
Suppose 63*r = 67*r - 8644. Is r a composite number?
False
Let d(o) = -o**3 + 9*o**2 - o + 14. Let p be d(9). Suppose -1068 = -h - p*h. Is h a prime number?
False
Suppose 2196 = 4*m + 5*y, -1128 = -2*m + 5*y - 0*y. Let o = m + -331. Is o composite?
False
Let t be (-16)/12*(-36)/8. Suppose 2*r - t*r + 8 = 0. Suppose 0*c - 548 = -r*c. Is c composite?
True
Let d(m) = -m**2 + 115*m - 357. Is d(50) composite?
True
Let q(z) = -43